e the prime factors of 55040763?
3, 18346921
List the prime factors of 2827229904.
2, 3, 19633541
What are the prime factors of 95158333?
17, 5597549
What are the prime factors of 1470956509?
11, 47, 2845177
List the prime factors of 697685338.
2, 7, 17, 67, 43753
What are the prime factors of 42941117?
467, 91951
List the prime factors of 160423968.
2, 3, 17, 98299
List the prime factors of 31138836.
2, 3, 353, 7351
What are the prime factors of 29379224?
2, 7, 149, 503
List the prime factors of 829570504.
2, 7, 199, 74441
What are the prime factors of 1550987470?
2, 5, 107, 1449521
What are the prime factors of 3079157338?
2, 23, 2287, 29269
List the prime factors of 38270437.
3259, 11743
What are the prime factors of 117934427?
13, 9071879
What are the prime factors of 2783777300?
2, 5, 53, 525241
List the prime factors of 679858427.
31, 21930917
What are the prime factors of 1788343961?
31799, 56239
What are the prime factors of 17719414?
2, 31, 107, 2671
What are the prime factors of 1006339112?
2, 31, 1301, 3119
What are the prime factors of 300850267?
5087, 59141
What are the prime factors of 139569021?
3, 467, 11069
List the prime factors of 102305524.
2, 17, 1504493
List the prime factors of 690953579.
690953579
List the prime factors of 171168739.
7, 19, 1286983
What are the prime factors of 174600622?
2, 7, 997, 1787
List the prime factors of 6317575236.
2, 3, 7, 309503
List the prime factors of 4511975.
5, 13, 13883
List the prime factors of 5669052262.
2, 23071, 122861
What are the prime factors of 23747808?
2, 3, 7, 35339
List the prime factors of 335370579.
3, 1129, 99017
What are the prime factors of 115123238?
2, 4391, 13109
List the prime factors of 4288780.
2, 5, 214439
What are the prime factors of 88791631?
88791631
List the prime factors of 44048275.
5, 17, 103643
List the prime factors of 6703733191.
4789, 1399819
List the prime factors of 166414455.
3, 5, 3698099
List the prime factors of 631254.
2, 3, 13, 8093
What are the prime factors of 131994768?
2, 3, 2749891
What are the prime factors of 147127852?
2, 61, 602983
What are the prime factors of 109224032?
2, 3413251
What are the prime factors of 16430228?
2, 17, 61, 233
List the prime factors of 638137366.
2, 41, 83, 93761
List the prime factors of 6314587.
1583, 3989
List the prime factors of 98067926.
2, 11, 149, 29917
List the prime factors of 23596929.
3, 2621881
What are the prime factors of 25143039?
3, 239, 11689
List the prime factors of 91087146.
2, 3, 461, 3659
List the prime factors of 49832071.
49832071
What are the prime factors of 102225220?
2, 5, 5111261
What are the prime factors of 20866534?
2, 13, 31, 25889
What are the prime factors of 2780788049?
13, 213906773
What are the prime factors of 1345657146?
2, 3, 41, 5470151
List the prime factors of 1968415182.
2, 3, 181, 7459
List the prime factors of 30882605.
5, 13, 37, 12841
List the prime factors of 15491849.
15491849
List the prime factors of 529859322.
2, 3, 29436629
List the prime factors of 267943133.
89, 3010597
List the prime factors of 138282029.
17, 101, 80537
List the prime factors of 2991061.
521, 5741
List the prime factors of 55272946.
2, 151, 183023
What are the prime factors of 10984932?
2, 3, 7, 43591
List the prime factors of 42349930.
2, 5, 7, 223, 2713
List the prime factors of 2081763063.
3, 19, 2381, 5113
List the prime factors of 23392766.
2, 11696383
List the prime factors of 359569541.
59, 107, 56957
What are the prime factors of 977250566?
2, 488625283
What are the prime factors of 4535702516?
2, 1133925629
List the prime factors of 51835750.
2, 5, 207343
What are the prime factors of 3631896?
2, 3, 73, 691
What are the prime factors of 60140930?
2, 5, 31, 194003
What are the prime factors of 411123345?
3, 5, 97, 282559
List the prime factors of 4198298757.
3, 179, 1861, 4201
List the prime factors of 314406984.
2, 3, 19, 347, 1987
List the prime factors of 4111283978.
2, 17, 61, 89, 22273
List the prime factors of 29783965.
5, 23, 258991
What are the prime factors of 1337963950?
2, 5, 1609, 16631
What are the prime factors of 141064644?
2, 3, 7, 89, 18869
List the prime factors of 96774759.
3, 107, 100493
What are the prime factors of 91350582?
2, 3, 2389, 6373
List the prime factors of 1528993724.
2, 23, 16619497
List the prime factors of 87407500.
2, 5, 34963
What are the prime factors of 263800081?
1987, 132763
What are the prime factors of 4307175378?
2, 3, 11, 41, 176857
What are the prime factors of 112889796?
2, 3, 23, 409021
List the prime factors of 1006765943.
29, 1993, 17419
List the prime factors of 130404575.
5, 7, 397, 1877
List the prime factors of 6630556220.
2, 5, 331527811
List the prime factors of 1352336789.
1352336789
List the prime factors of 535478529.
3, 17, 10499579
List the prime factors of 90688876.
2, 1409, 16091
List the prime factors of 2174986323.
3, 547, 16363
List the prime factors of 1775734793.
7, 253676399
What are the prime factors of 1198208454?
2, 3, 199701409
List the prime factors of 20898802.
2, 89, 137, 857
List the prime factors of 70822242.
2, 3, 1311523
What are the prime factors of 81551729?
7, 109, 15269
What are the prime factors of 288650632?
2, 36081329
List the prime factors of 2537750281.
11, 230704571
List the prime factors of 36165064.
2, 13, 43, 8087
List the prime factors of 718660354.
2, 4111, 87407
List the prime factors of 8865616656.
2, 3, 13, 14207719
What are the prime factors of 438795291?
3, 11, 19, 739, 947
List the prime factors of 551599553.
19861, 27773
List the prime factors of 2954237758.
2, 83, 569, 31277
List the prime factors of 456032064.
2, 3, 2375167
List the prime factors of 715180118.
2, 353, 1013003
What are the prime factors of 2479911293?
19, 5471, 23857
List the prime factors of 525455424.
2, 3, 13, 23, 113
List the prime factors of 53816271.
3, 17, 433, 2437
List the prime factors of 403843263.
3, 131, 1027591
List the prime factors of 563905362.
2, 3, 59, 1592953
List the prime factors of 3427866114.
2, 3, 19, 1582579
List the prime factors of 15728261.
2357, 6673
What are the prime factors of 294516843?
3, 191, 513991
List the prime factors of 203505060.
2, 3, 5, 11, 28031
What are the prime factors of 39557243?
11, 137, 26249
What are the prime factors of 1418170459?
557, 1213, 2099
What are the prime factors of 482437746?
2, 3, 7, 37, 103483
List the prime factors of 78484408.
2, 9810551
What are the prime factors of 26706534?
2, 3, 761, 5849
List the prime factors of 1627701490.
2, 5, 23, 7076963
What are the prime factors of 77662755?
3, 5, 53, 32563
What are the prime factors of 3839322510?
2, 3, 5, 43, 347, 953
What are the prime factors of 13913447?
317, 43891
What are the prime factors of 155608729?
155608729
List the prime factors of 33831407.
461, 73387
What are the prime factors of 1788370792?
2, 13, 2711, 6343
List the prime factors of 1049225.
5, 41969
List the prime factors of 131756199.
3, 43918733
List the prime factors of 1100780444.
2, 97, 2837063
What are the prime factors of 1656821868?
2, 3, 13, 10620653
List the prime factors of 220253223.
3, 1129, 65029
What are the prime factors of 1680384755?
5, 7, 48010993
What are the prime factors of 1279093210?
2, 5, 127909321
What are the prime factors of 1937884257?
3, 23924497
List the prime factors of 307428111.
3, 34158679
What are the prime factors of 2164371810?
2, 3, 5, 71, 1016137
List the prime factors of 465622150.
2, 5, 7, 61, 113, 193
What are the prime factors of 61923143?
1061, 58363
What are the prime factors of 125302597?
7, 17, 23, 2693
What are the prime factors of 10085625?
3, 5, 11, 163
List the prime factors of 99376831.
541, 183691
What are the prime factors of 248842273?
248842273
List the prime factors of 97457597.
67, 1454591
List the prime factors of 2284202209.
41, 47, 1185367
What are the prime factors of 700196992?
2, 11, 53, 853
What are the prime factors of 2316126534?
2, 3, 239, 1615151
What are the prime factors of 530786354?
2, 7, 163, 232597
What are the prime factors of 1251649807?
1251649807
What are the prime factors of 129663967?
563, 230309
What are the prime factors of 320920735?
5, 19, 41, 82393
List the prime factors of 196760059.
311, 632669
List the prime factors of 312765307